{"id":62,"date":"2020-04-25T22:34:52","date_gmt":"2020-04-25T22:34:52","guid":{"rendered":"http:\/\/marcacao.org\/?page_id=62"},"modified":"2024-09-22T19:51:17","modified_gmt":"2024-09-22T19:51:17","slug":"unterstuetzung","status":"publish","type":"page","link":"http:\/\/marcacao.org\/?page_id=62","title":{"rendered":"Spenden"},"content":{"rendered":"\n<div class=\"wp-block-columns is-layout-flex wp-container-core-columns-is-layout-9d6595d7 wp-block-columns-is-layout-flex\">\n<div class=\"wp-block-column is-layout-flow wp-block-column-is-layout-flow\">\n<p>Die Gelder die der F\u00f6rderverein einnimmt werden ausschlie\u00dflich zu den in der Satzung beschriebenen gemeinn\u00fctzigen Zwecken verwendet. Das wird vom Finanzamt regelm\u00e4\u00dfig \u00fcberpr\u00fcft, daher sind wir auch berechtigt steuermindernde Spendenbescheinigungen f\u00fcr ihre Spende auszustellen.<\/p>\n<\/div>\n\n\n\n<div class=\"wp-block-column is-layout-flow wp-block-column-is-layout-flow\">\n<p>Ihre Spenden werden zum Betrieb der Schule verwendet. Zur Zeit werden die Geh\u00e4lter der Lehrerinnen von einzelnen Spendern  und von Unterst\u00fctzungsgruppen unserer Region getragen. <br>Dazu geh\u00f6ren Aktionen in den Partnerschulen Reifferscheid und Stolberg sowie die Theaterfreunde Kall.<br>Mit unserem F\u00f6rderverein werden insbesondere Betriebskosten, Lehrmaterialien, Bauma\u00dfnahmen und Schulveranstaltungen finanziert.<br><\/p>\n<\/div>\n<\/div>\n\n\n\n<p class=\"has-luminous-vivid-amber-background-color has-background\">Unsere Bankverbindung ist:<br>Kreissparkasse Euskirchen IBAN DE29 3825 0110 0001 6921 44, F\u00f6rderverein des Instituto Assis, Marcacao e. V. <br>Falls Sie\/du uns bekannt bist, wird die Spendenbescheinigung automatisch zugesandt.<br>Ansonsten schicke eine Mail an marcacao_fv@gmx.de<\/p>\n\n\n\n<div class=\"wp-block-group\"><div class=\"wp-block-group__inner-container is-layout-flow wp-block-group-is-layout-flow\">\n<p><\/p>\n<\/div><\/div>\n\n\n\n<p><\/p>\n\n\n\n<div class=\"wp-block-columns is-layout-flex wp-container-core-columns-is-layout-9d6595d7 wp-block-columns-is-layout-flex\">\n<div class=\"wp-block-column is-layout-flow wp-block-column-is-layout-flow\">\n<div class=\"wp-block-columns is-layout-flex wp-container-core-columns-is-layout-9d6595d7 wp-block-columns-is-layout-flex\">\n<div class=\"wp-block-column is-layout-flow wp-block-column-is-layout-flow\"><\/div>\n\n\n\n<div class=\"wp-block-column is-layout-flow wp-block-column-is-layout-flow\"><\/div>\n<\/div>\n<\/div>\n\n\n\n<div class=\"wp-block-column is-layout-flow wp-block-column-is-layout-flow\">\n<div class=\"wp-block-columns is-layout-flex wp-container-core-columns-is-layout-9d6595d7 wp-block-columns-is-layout-flex\">\n<div class=\"wp-block-column is-layout-flow wp-block-column-is-layout-flow\"><\/div>\n\n\n\n<div class=\"wp-block-column is-layout-flow wp-block-column-is-layout-flow\"><\/div>\n<\/div>\n<\/div>\n<\/div>\n\n\n\n<p><br><\/p>\n","protected":false},"excerpt":{"rendered":"<p>Die Gelder die der F\u00f6rderverein einnimmt werden ausschlie\u00dflich zu den in der Satzung beschriebenen gemeinn\u00fctzigen Zwecken verwendet. Das wird vom Finanzamt regelm\u00e4\u00dfig \u00fcberpr\u00fcft, daher sind wir auch berechtigt steuermindernde Spendenbescheinigungen f\u00fcr ihre Spende auszustellen. Ihre Spenden werden zum Betrieb der Schule verwendet. Zur Zeit werden die Geh\u00e4lter der Lehrerinnen von einzelnen Spendern und von Unterst\u00fctzungsgruppen [&hellip;]<\/p>\n","protected":false},"author":1,"featured_media":0,"parent":0,"menu_order":0,"comment_status":"closed","ping_status":"closed","template":"","meta":{"footnotes":""},"class_list":["post-62","page","type-page","status-publish","czr-hentry"],"_links":{"self":[{"href":"http:\/\/marcacao.org\/index.php?rest_route=\/wp\/v2\/pages\/62","targetHints":{"allow":["GET"]}}],"collection":[{"href":"http:\/\/marcacao.org\/index.php?rest_route=\/wp\/v2\/pages"}],"about":[{"href":"http:\/\/marcacao.org\/index.php?rest_route=\/wp\/v2\/types\/page"}],"author":[{"embeddable":true,"href":"http:\/\/marcacao.org\/index.php?rest_route=\/wp\/v2\/users\/1"}],"replies":[{"embeddable":true,"href":"http:\/\/marcacao.org\/index.php?rest_route=%2Fwp%2Fv2%2Fcomments&post=62"}],"version-history":[{"count":21,"href":"http:\/\/marcacao.org\/index.php?rest_route=\/wp\/v2\/pages\/62\/revisions"}],"predecessor-version":[{"id":272,"href":"http:\/\/marcacao.org\/index.php?rest_route=\/wp\/v2\/pages\/62\/revisions\/272"}],"wp:attachment":[{"href":"http:\/\/marcacao.org\/index.php?rest_route=%2Fwp%2Fv2%2Fmedia&parent=62"}],"curies":[{"name":"wp","href":"https:\/\/api.w.org\/{rel}","templated":true}]}}

<div class="wp-block-columns is-layout-flex wp-container-core-columns-is-layout-9d6595d7 wp-block-columns-is-layout-flex">
<div class="wp-block-column is-layout-flow wp-block-column-is-layout-flow">
<p>Die Gelder die der Förderverein einnimmt werden ausschließlich zu den in der Satzung beschriebenen gemeinnützigen Zwecken verwendet. Das wird vom Finanzamt regelmäßig überprüft, daher sind wir auch berechtigt steuermindernde Spendenbescheinigungen für ihre Spende auszustellen.</p>
</div>



<div class="wp-block-column is-layout-flow wp-block-column-is-layout-flow">
<p>Ihre Spenden werden zum Betrieb der Schule verwendet. Zur Zeit werden die Gehälter der Lehrerinnen von einzelnen Spendern  und von Unterstützungsgruppen unserer Region getragen. <br>Dazu gehören Aktionen in den Partnerschulen Reifferscheid und Stolberg sowie die Theaterfreunde Kall.<br>Mit unserem Förderverein werden insbesondere Betriebskosten, Lehrmaterialien, Baumaßnahmen und Schulveranstaltungen finanziert.<br></p>
</div>
</div>



<p class="has-luminous-vivid-amber-background-color has-background">Unsere Bankverbindung ist:<br>Kreissparkasse Euskirchen IBAN DE29 3825 0110 0001 6921 44, Förderverein des Instituto Assis, Marcacao e. V. <br>Falls Sie/du uns bekannt bist, wird die Spendenbescheinigung automatisch zugesandt.<br>Ansonsten schicke eine Mail an marcacao_fv@gmx.de</p>



<div class="wp-block-group"><div class="wp-block-group__inner-container is-layout-flow wp-block-group-is-layout-flow">
<p></p>
</div></div>



<p></p>



<div class="wp-block-columns is-layout-flex wp-container-core-columns-is-layout-9d6595d7 wp-block-columns-is-layout-flex">
<div class="wp-block-column is-layout-flow wp-block-column-is-layout-flow">
<div class="wp-block-columns is-layout-flex wp-container-core-columns-is-layout-9d6595d7 wp-block-columns-is-layout-flex">
<div class="wp-block-column is-layout-flow wp-block-column-is-layout-flow"></div>



<div class="wp-block-column is-layout-flow wp-block-column-is-layout-flow"></div>
</div>
</div>



<div class="wp-block-column is-layout-flow wp-block-column-is-layout-flow">
<div class="wp-block-columns is-layout-flex wp-container-core-columns-is-layout-9d6595d7 wp-block-columns-is-layout-flex">
<div class="wp-block-column is-layout-flow wp-block-column-is-layout-flow"></div>



<div class="wp-block-column is-layout-flow wp-block-column-is-layout-flow"></div>
</div>
</div>
</div>



<p><br></p>

<p>Die Gelder die der Förderverein einnimmt werden ausschließlich zu den in der Satzung beschriebenen gemeinnützigen Zwecken verwendet. Das wird vom Finanzamt regelmäßig überprüft, daher sind wir auch berechtigt steuermindernde Spendenbescheinigungen für ihre Spende auszustellen. Ihre Spenden werden zum Betrieb der Schule verwendet. Zur Zeit werden die Gehälter der Lehrerinnen von einzelnen Spendern und von Unterstützungsgruppen [&hellip;]</p>
