{"id":77,"date":"2020-05-02T21:43:48","date_gmt":"2020-05-02T21:43:48","guid":{"rendered":"http:\/\/marcacao.org\/?page_id=77"},"modified":"2020-09-21T20:31:07","modified_gmt":"2020-09-21T20:31:07","slug":"informationen","status":"publish","type":"page","link":"http:\/\/marcacao.org\/?page_id=77","title":{"rendered":"Informationen"},"content":{"rendered":"\n<div class=\"wp-block-columns is-layout-flex wp-container-core-columns-is-layout-9d6595d7 wp-block-columns-is-layout-flex\">\n<div class=\"wp-block-column is-layout-flow wp-block-column-is-layout-flow\">\n<figure class=\"wp-block-image size-large\"><img loading=\"lazy\" decoding=\"async\" width=\"638\" height=\"545\" src=\"http:\/\/marcacao.org\/wp-content\/uploads\/2020\/05\/Lage.png\" alt=\"\" class=\"wp-image-96\" srcset=\"http:\/\/marcacao.org\/wp-content\/uploads\/2020\/05\/Lage.png 638w, http:\/\/marcacao.org\/wp-content\/uploads\/2020\/05\/Lage-300x256.png 300w\" sizes=\"auto, (max-width: 638px) 100vw, 638px\" \/><figcaption>Lage von Marca\u00e7\u00e2o<\/figcaption><\/figure>\n\n\n\n<figure class=\"wp-block-image size-large\"><img loading=\"lazy\" decoding=\"async\" width=\"1014\" height=\"761\" src=\"http:\/\/marcacao.org\/wp-content\/uploads\/2020\/09\/bild1.jpg\" alt=\"\" class=\"wp-image-219\" srcset=\"http:\/\/marcacao.org\/wp-content\/uploads\/2020\/09\/bild1.jpg 1014w, http:\/\/marcacao.org\/wp-content\/uploads\/2020\/09\/bild1-300x225.jpg 300w, http:\/\/marcacao.org\/wp-content\/uploads\/2020\/09\/bild1-768x576.jpg 768w\" sizes=\"auto, (max-width: 1014px) 100vw, 1014px\" \/><figcaption>Hier muss ein Bild aus der Eifel hin<\/figcaption><\/figure>\n<\/div>\n\n\n\n<div class=\"wp-block-column is-layout-flow wp-block-column-is-layout-flow\">\n<p class=\"has-text-align-left\">Das Instituto S\u00e3o Francisco des Assis in Marca\u00e7\u00e2o liegt im Nordosten Brasiliens, ca. 30 km vom Atlantik entfernt. Dort besuchen ca. 100 Kinder die Schule, die mit Hilfe von engagierten Eifeler Menschen erbaut wurde. <br>Es gibt f\u00fcnf Grundschulklassen und eine Vorschulklasse.  Die Schule besch\u00e4ftigt momentan sechs Lehrerinnnen.<\/p>\n\n\n\n<p class=\"has-text-align-left\">Der Schwerpunkt im p\u00e4dagogischen Konzept liegt auf der Pers\u00f6nlichkeitsentwicklung. <br>Dabei richtet sich die Schule besonders an Kinder mit F\u00f6rderbedarf. Dazu geh\u00f6rt auch, die Familien in das Schulleben zu integrieren.<\/p>\n\n\n\n<p class=\"has-text-align-left\">Marca\u00e7\u00e2o ist umringt von D\u00f6rfern des Indio-Stammes der Potiguara. Daher ist es der Schule wichtig die indigene Kultur in den Alltag zu integrieren.<br><\/p>\n\n\n\n<br class=\"\u201cclear\u201d\">\n<br class=\"\u201cclear\u201d\">\n<br class=\"\u201cclear\u201d\">\n\n\n\n<p><\/p>\n\n\n\n\n\n\n\n<p><br>Zusammenarbeit formulieren<\/p>\n\n\n\n<p>Dazu geh\u00f6ren auch deutsch-brasilianische Begegnungen, wegen der weiten Entfernungen ca. im 5-Jahres Rhythmus. Die brasilianischen Lehrkr\u00e4fte besuchen dabei die Eifeler Partnerschulen, wobei ein intensiver Austausch stattfindet, von dem beide Seiten profitieren.<\/p>\n<\/div>\n<\/div>\n\n\n\n<p><\/p>\n","protected":false},"excerpt":{"rendered":"<p>Das Instituto S\u00e3o Francisco des Assis in Marca\u00e7\u00e2o liegt im Nordosten Brasiliens, ca. 30 km vom Atlantik entfernt. Dort besuchen ca. 100 Kinder die Schule, die mit Hilfe von engagierten Eifeler Menschen erbaut wurde. Es gibt f\u00fcnf Grundschulklassen und eine Vorschulklasse. Die Schule besch\u00e4ftigt momentan sechs Lehrerinnnen. Der Schwerpunkt im p\u00e4dagogischen Konzept liegt auf der [&hellip;]<\/p>\n","protected":false},"author":1,"featured_media":0,"parent":0,"menu_order":0,"comment_status":"closed","ping_status":"closed","template":"","meta":{"footnotes":""},"class_list":["post-77","page","type-page","status-publish","czr-hentry"],"_links":{"self":[{"href":"http:\/\/marcacao.org\/index.php?rest_route=\/wp\/v2\/pages\/77","targetHints":{"allow":["GET"]}}],"collection":[{"href":"http:\/\/marcacao.org\/index.php?rest_route=\/wp\/v2\/pages"}],"about":[{"href":"http:\/\/marcacao.org\/index.php?rest_route=\/wp\/v2\/types\/page"}],"author":[{"embeddable":true,"href":"http:\/\/marcacao.org\/index.php?rest_route=\/wp\/v2\/users\/1"}],"replies":[{"embeddable":true,"href":"http:\/\/marcacao.org\/index.php?rest_route=%2Fwp%2Fv2%2Fcomments&post=77"}],"version-history":[{"count":23,"href":"http:\/\/marcacao.org\/index.php?rest_route=\/wp\/v2\/pages\/77\/revisions"}],"predecessor-version":[{"id":220,"href":"http:\/\/marcacao.org\/index.php?rest_route=\/wp\/v2\/pages\/77\/revisions\/220"}],"wp:attachment":[{"href":"http:\/\/marcacao.org\/index.php?rest_route=%2Fwp%2Fv2%2Fmedia&parent=77"}],"curies":[{"name":"wp","href":"https:\/\/api.w.org\/{rel}","templated":true}]}}

<div class="wp-block-columns is-layout-flex wp-container-core-columns-is-layout-9d6595d7 wp-block-columns-is-layout-flex">
<div class="wp-block-column is-layout-flow wp-block-column-is-layout-flow">
<figure class="wp-block-image size-large"><img loading="lazy" decoding="async" width="638" height="545" src="http://marcacao.org/wp-content/uploads/2020/05/Lage.png" alt="" class="wp-image-96" srcset="http://marcacao.org/wp-content/uploads/2020/05/Lage.png 638w, http://marcacao.org/wp-content/uploads/2020/05/Lage-300x256.png 300w" sizes="auto, (max-width: 638px) 100vw, 638px" /><figcaption>Lage von Marcaçâo</figcaption></figure>



<figure class="wp-block-image size-large"><img loading="lazy" decoding="async" width="1014" height="761" src="http://marcacao.org/wp-content/uploads/2020/09/bild1.jpg" alt="" class="wp-image-219" srcset="http://marcacao.org/wp-content/uploads/2020/09/bild1.jpg 1014w, http://marcacao.org/wp-content/uploads/2020/09/bild1-300x225.jpg 300w, http://marcacao.org/wp-content/uploads/2020/09/bild1-768x576.jpg 768w" sizes="auto, (max-width: 1014px) 100vw, 1014px" /><figcaption>Hier muss ein Bild aus der Eifel hin</figcaption></figure>
</div>



<div class="wp-block-column is-layout-flow wp-block-column-is-layout-flow">
<p class="has-text-align-left">Das Instituto São Francisco des Assis in Marcaçâo liegt im Nordosten Brasiliens, ca. 30 km vom Atlantik entfernt. Dort besuchen ca. 100 Kinder die Schule, die mit Hilfe von engagierten Eifeler Menschen erbaut wurde. <br>Es gibt fünf Grundschulklassen und eine Vorschulklasse.  Die Schule beschäftigt momentan sechs Lehrerinnnen.</p>



<p class="has-text-align-left">Der Schwerpunkt im pädagogischen Konzept liegt auf der Persönlichkeitsentwicklung. <br>Dabei richtet sich die Schule besonders an Kinder mit Förderbedarf. Dazu gehört auch, die Familien in das Schulleben zu integrieren.</p>



<p class="has-text-align-left">Marcaçâo ist umringt von Dörfern des Indio-Stammes der Potiguara. Daher ist es der Schule wichtig die indigene Kultur in den Alltag zu integrieren.<br></p>



<br class="“clear”">
<br class="“clear”">
<br class="“clear”">



<p></p>







<p><br>Zusammenarbeit formulieren</p>



<p>Dazu gehören auch deutsch-brasilianische Begegnungen, wegen der weiten Entfernungen ca. im 5-Jahres Rhythmus. Die brasilianischen Lehrkräfte besuchen dabei die Eifeler Partnerschulen, wobei ein intensiver Austausch stattfindet, von dem beide Seiten profitieren.</p>
</div>
</div>



<p></p>

<p>Das Instituto São Francisco des Assis in Marcaçâo liegt im Nordosten Brasiliens, ca. 30 km vom Atlantik entfernt. Dort besuchen ca. 100 Kinder die Schule, die mit Hilfe von engagierten Eifeler Menschen erbaut wurde. Es gibt fünf Grundschulklassen und eine Vorschulklasse. Die Schule beschäftigt momentan sechs Lehrerinnnen. Der Schwerpunkt im pädagogischen Konzept liegt auf der [&hellip;]</p>
